{"entities":{"Q16758":{"pageid":16766,"ns":120,"title":"Item:Q16758","lastrevid":31634,"modified":"2025-01-28T10:52:23Z","type":"item","id":"Q16758","labels":{"fr":{"language":"fr","value":"infographiste"},"ta":{"language":"ta","value":"\u0b95\u0ba3\u0bbf\u0ba9\u0bbf \u0baa\u0b95\u0bcd\u0b95\u0bb5\u0b9f\u0bbf\u0bb5\u0bae\u0bc8\u0baa\u0bcd\u0baa\u0bbe\u0bb3\u0bb0\u0bcd"},"pt":{"language":"pt","value":"designer gr\u00e1fico"},"eo":{"language":"eo","value":"grafikisto"},"en":{"language":"en","value":"graphic designer"},"es":{"language":"es","value":"dise\u00f1ador gr\u00e1fico"},"sl":{"language":"sl","value":"grafi\u010dni oblikovalec"},"ha":{"language":"ha","value":"mai zanen hoto"},"sw":{"language":"sw","value":"Msanii wa graffiti"},"ig":{"language":"ig","value":"omebe ihe nkiri"},"ary":{"language":"ary","value":"\u06ad\u0631\u0627\u0641\u064a\u0643 \u062f\u064a\u0632\u0627\u064a\u0646\u0631"},"ms":{"language":"ms","value":"pereka grafik"}},"descriptions":{"fr":{"language":"fr","value":"professionnel de la communication qui con\u00e7oit des solutions de communication visuelle"},"en":{"language":"en","value":"professional who assembles images, typography or motion graphics to create a piece of design"},"es":{"language":"es","value":"profesional que se encarga de planear, dise\u00f1ar, proyectar y transmitir mensajes o ideas mediante la comunicaci\u00f3n visual"},"eo":{"language":"eo","value":"artisto en grafikaj artoj"},"sl":{"language":"sl","value":"strokovnjak, ki ustvarja oblikovalska dela s sestavljanjem slik, tipografij ali gibljive grafike"},"pt":{"language":"pt","value":"pessoa que produz trabalhos envolvendo design gr\u00e1fico"}},"aliases":{"ta":[{"language":"ta","value":"\u0b95\u0ba3\u0ba9\u0bbf \u0baa\u0b95\u0bcd\u0b95\u0bb5\u0b9f\u0bbf\u0bb5\u0bae\u0bc8\u0baa\u0bcd\u0baa\u0bbe\u0bb3\u0bb0\u0bcd"},{"language":"ta","value":"\u0b95\u0ba3\u0ba9\u0bbf\u0baa\u0bcd \u0baa\u0b95\u0bcd\u0b95\u0bb5\u0b9f\u0bbf\u0bb5\u0bae\u0bc8\u0baa\u0bcd\u0baa\u0bbe\u0bb3\u0bb0\u0bcd"}],"pt":[{"language":"pt","value":"Programador visual"},{"language":"pt","value":"Designer de jornais"},{"language":"pt","value":"Comunicador visual"},{"language":"pt","value":"Designers gr\u00e1ficos"},{"language":"pt","value":"Designer grafico"}],"es":[{"language":"es","value":"dise\u00f1adora gr\u00e1fica"},{"language":"es","value":"artista gr\u00e1fico"},{"language":"es","value":"artista grafico"}],"fr":[{"language":"fr","value":"concepteur graphique"},{"language":"fr","value":"designer graphique"},{"language":"fr","value":"graphiste"}],"sl":[{"language":"sl","value":"grafi\u010dna oblikovalka"},{"language":"sl","value":"oblikovalec"},{"language":"sl","value":"oblikovalka"},{"language":"sl","value":"grafi\u010dni dizajner"},{"language":"sl","value":"grafi\u010dna dizajnerka"}]},"claims":{"P1":[{"mainsnak":{"snaktype":"value","property":"P1","hash":"7572aa9647dab2b689a92cd7dfe95971a602098e","datavalue":{"value":"https://www.wikidata.org/wiki/Q627325","type":"string"},"datatype":"url"},"type":"statement","id":"Q16758$0289BB0B-43E3-4B83-A9D9-26AD188CB9E8","rank":"normal"}],"P4":[{"mainsnak":{"snaktype":"value","property":"P4","hash":"846169ab02f7b6a0d825ac61996402d813741653","datavalue":{"value":{"entity-type":"item","numeric-id":16437,"id":"Q16437"},"type":"wikibase-entityid"},"datatype":"wikibase-item"},"type":"statement","id":"Q16758$EBE833AD-D297-4EA2-A1C0-7C98382F6FCF","rank":"normal"}]},"sitelinks":{}}}}

கணினி பக்கவடிவமைப்பாளர்

designer gráfico

diseñador gráfico

grafični oblikovalec

ڭرافيك ديزاينر

professionnel de la communication qui conçoit des solutions de communication visuelle

profesional que se encarga de planear, diseñar, proyectar y transmitir mensajes o ideas mediante la comunicación visual

pessoa que produz trabalhos envolvendo design gráfico

கணனி பக்கவடிவமைப்பாளர்

கணனிப் பக்கவடிவமைப்பாளர்

Designers gráficos

diseñadora gráfica

artista gráfico

grafična oblikovalka

grafični dizajner

grafična dizajnerka
