{"entities":{"Q137":{"pageid":151,"ns":120,"title":"Item:Q137","lastrevid":203,"modified":"2024-12-02T15:59:05Z","type":"item","id":"Q137","labels":{"fr":{"language":"fr","value":"Mont\u00e9n\u00e9gro"},"eo":{"language":"eo","value":"Montenegro"},"en":{"language":"en","value":"Montenegro"},"es":{"language":"es","value":"Montenegro"},"am":{"language":"am","value":"\u121e\u1295\u1274\u1294\u130d\u122e"},"af":{"language":"af","value":"Montenegro"},"ary":{"language":"ary","value":"\u0645\u0648\u0646\u0637\u064a\u0646\u064a\u06ad\u0631\u0648"},"arz":{"language":"arz","value":"\u0645\u0648\u0646\u062a\u064a\u0646\u064a\u062c\u0631\u0648"},"gpe":{"language":"gpe","value":"Montenegro"},"dag":{"language":"dag","value":"Montenegro"},"ha":{"language":"ha","value":"Montenegro"},"ee":{"language":"ee","value":"Montenegro"},"mg":{"language":"mg","value":"Montenegro"},"ms":{"language":"ms","value":"Montenegro"},"kg":{"language":"kg","value":"Monte Negro"},"kab":{"language":"kab","value":"Adrar aberkan"},"ln":{"language":"ln","value":"Montenegro"},"om":{"language":"om","value":"Moonteneegroo"},"sl":{"language":"sl","value":"\u010crna gora"},"yi":{"language":"yi","value":"\u05de\u05d0\u05e0\u05d8\u05e2\u05e0\u05e2\u05d2\u05e8\u05d0"},"pt":{"language":"pt","value":"Montenegro"},"ta":{"language":"ta","value":"\u0bae\u0bca\u0ba3\u0bcd\u0b9f\u0bc6\u0ba9\u0bc7\u0b95\u0bc1\u0bb0\u0bcb"},"sw":{"language":"sw","value":"Montenegro"},"xh":{"language":"xh","value":"Montenegro"},"zu":{"language":"zu","value":"IMontenegro"},"so":{"language":"so","value":"Montenegro"},"sn":{"language":"sn","value":"Montenegro"},"rw":{"language":"rw","value":"Montenegoro"},"ss":{"language":"ss","value":"IMonthenekho"},"tum":{"language":"tum","value":"Montenegro"},"wo":{"language":"wo","value":"Montenegro"},"ts":{"language":"ts","value":"Montenegro"},"yo":{"language":"yo","value":"Monten\u1eb9\u0301gr\u00f2"}},"descriptions":{"fr":{"language":"fr","value":"pays d'Europe"},"eo":{"language":"eo","value":"lando en Balkana Duoninsulo"},"en":{"language":"en","value":"country in southeastern Europe"},"es":{"language":"es","value":"pa\u00eds de Europa"},"sl":{"language":"sl","value":"dr\u017eava v jugovzhodni Evropi"},"pt":{"language":"pt","value":"pa\u00eds da Europa"}},"aliases":{"fr":[{"language":"fr","value":"Montenegro"},{"language":"fr","value":"ME"},{"language":"fr","value":"le Mont\u00e9n\u00e9gro"},{"language":"fr","value":"Mont\u00e9n."}],"eo":[{"language":"eo","value":"ME"},{"language":"eo","value":"Nigramonto"}],"en":[{"language":"en","value":"me"},{"language":"en","value":"\ud83c\uddf2\ud83c\uddea"},{"language":"en","value":"MNE"},{"language":"en","value":"Crna Gora"}],"arz":[{"language":"arz","value":"\u0645\u0648\u0646\u062a\u0646\u064a\u062c\u0631\u0648"}],"sl":[{"language":"sl","value":"me"},{"language":"sl","value":"MNE"},{"language":"sl","value":"Crna Gora"},{"language":"sl","value":"\ud83c\uddf2\ud83c\uddea"}],"yo":[{"language":"yo","value":"Montenegro"}]},"claims":{"P1":[{"mainsnak":{"snaktype":"value","property":"P1","hash":"52788babe3e403cfcb521e4a5f1beaa7b4fe4bd4","datavalue":{"value":"https://www.wikidata.org/entity/Q236","type":"string"},"datatype":"url"},"type":"statement","id":"Q137$F496F23D-9996-4519-8083-7C8BB87C1B34","rank":"normal"}],"P4":[{"mainsnak":{"snaktype":"value","property":"P4","hash":"d3e5d3c9f64cbe8d0869cb8e2f90704da2a467bb","datavalue":{"value":{"entity-type":"item","numeric-id":1,"id":"Q1"},"type":"wikibase-entityid"},"datatype":"wikibase-item"},"type":"statement","id":"Q137$7E76F129-4E53-4335-A694-86462A61708C","rank":"normal"}],"P13":[{"mainsnak":{"snaktype":"value","property":"P13","hash":"043d6b776d5cd3c3bb09129443ed235a96377cdb","datavalue":{"value":{"latitude":42.766667,"longitude":19.216667,"altitude":null,"precision":1.0e-5,"globe":"http://www.wikidata.org/entity/Q2"},"type":"globecoordinate"},"datatype":"globe-coordinate"},"type":"statement","id":"Q137$F01E5766-0166-48A6-95F0-B53177FDCFDD","rank":"normal"}],"P19":[{"mainsnak":{"snaktype":"value","property":"P19","hash":"137d3a9cbb59b47c9f0d3cecc435f41e9a5e049f","datavalue":{"value":{"time":"+2006-06-03T00:00:00Z","timezone":0,"before":0,"after":0,"precision":11,"calendarmodel":"http://www.wikidata.org/entity/Q1985727"},"type":"time"},"datatype":"time"},"type":"statement","id":"Q137$793A2B47-EA16-41EC-8E55-AEFC627940EE","rank":"normal"}]},"sitelinks":{}}}}

Monténégro

ሞንቴኔግሮ

مونطينيڭرو

مونتينيجرو

Črna gora

מאנטענעגרא

மொண்டெனேகுரோ

Montenẹ́grò

país de Europa

država v jugovzhodni Evropi

país da Europa

le Monténégro

Montén.

مونتنيجرو
